?
2, 5
Let j(b) = b**3 - 7*b**2 + 4*b - 24. Let m be j(7). Suppose -5*l = -2*u + 177, m*l + 50 = u - 31. List the prime factors of u.
101
Suppose -21 = -4*v + 19. Let n(c) = -3*c - 33. Let z be n(-13). Suppose z*m - m - v = 0, 2*p = -m + 44. List the prime factors of p.
3, 7
Let x(b) = 14*b + 4. Let n be x(4). Let w = 222 - n. What are the prime factors of w?
2, 3
Let n = 46 - 56. What are the prime factors of n/((-25)/(-30)*(-1)/10)?
2, 3, 5
Suppose -3*d - 1213 + 3791 = g, -2*g = 5*d - 4295. List the prime factors of d.
3, 7, 41
Suppose h - 13 = 3*g, -3 = -3*h + 2*g + 8. Let w = -67 - -71. Suppose h = f, w*t + f + 2*f - 203 = 0. What are the prime factors of t?
2, 5
Suppose w + 0*w + 10 = 0. Let b be ((-6)/4)/(w/20). Suppose -u = -b*u + 88. List the prime factors of u.
2, 11
Suppose -2*t = 0, 3*t - 12 = f - 0*t. Let c(m) = -2*m + 8. Let i be c(-11). Let j = i - f. What are the prime factors of j?
2, 3, 7
Suppose 32*t = -t + 33132. List the prime factors of t.
2, 251
Let s be 8/(1*6/21). Let k = s - 4. What are the prime factors of k/4*21/9?
2, 7
Suppose 4 - 49 = 5*s. Let b be (20/(-6))/(6/s). Let x = b - -12. What are the prime factors of x?
17
Let y = -74 - -72. Let q(j) = -18*j**3 + j**2 - 4*j - 2. List the prime factors of q(y).
2, 7, 11
Let r(d) be the second derivative of -d**3/3 - 7*d**2/2 - d. Let q be (-3 + 45/5)/(-6 - -5). What are the prime factors of r(q)?
5
Let i(d) = d**2 + 46*d + 203. What are the prime factors of i(41)?
2, 5, 13, 29
Let k = -219 - -276. List the prime factors of k.
3, 19
Let q be 3/9*0 - -16. Let b be (q/(-6))/((-2)/3). Suppose 0*p + 4*x - 20 = -b*p, 2*x + 2 = 2*p. What are the prime factors of p?
3
Suppose 0 = -28*z + 17*z + 3267. List the prime factors of z.
3, 11
Suppose -2*m - 10508 = -4*d, -5*d + d + 10512 = -m. List the prime factors of d.
11, 239
Let q be -1*(-12 - 1)*2. Suppose 0*v + q = v. Suppose 0 = -n + 22 + v. List the prime factors of n.
2, 3
What are the prime factors of 23484/45 + (-12)/(-90)?
2, 3, 29
Suppose -2*a = 4*l - 1740, 2*l - 6*l + 1740 = 4*a. List the prime factors of l.
3, 5, 29
What are the prime factors of (-56920)/(-130) + (-4)/(-26)?
2, 3, 73
Let x(w) = -12*w - 43. Let j be x(-11). Suppose -26*o - j = -27*o. What are the prime factors of o?
89
Suppose -p + 2*o + 6088 = 0, 0 = 27*p - 22*p + 4*o - 30384. List the prime factors of p.
2, 5, 19
Suppose -2*y = -5*y + 18. Let f be ((-12)/18)/(2/y). What are the prime factors of (0 - -16)/(f/(-4))?
2
Suppose -2*b + 0*b = -o + 8, 4*b = 5*o - 10. Let m(p) = -22*p - 6. List the prime factors of m(o).
2, 19
Suppose 2*v - 195 = -5*h, -22*h - 5 = -23*h. What are the prime factors of v?
5, 17
Let m(t) = t**3 + 19*t**2 - 36*t + 40. List the prime factors of m(-20).
2, 3, 5
Suppose 4*z - 2*l = 3544, -z + 2*l = -0*l - 886. What are the prime factors of z?
2, 443
Suppose -174 + 24 = -2*y. Suppose 111 = 2*f - 5*f. Let i = y + f. What are the prime factors of i?
2, 19
Suppose 94 = y + 4*c, -4*y = -0*y - 5*c - 271. Let f = 133 - y. List the prime factors of f.
59
Suppose -5*k = -111 - 74. Suppose k = 2*c + 5*j - 27, -4*c = -4*j - 100. List the prime factors of c.
3
Let u(g) = g**3 - 2*g**2 - 18*g + 37. List the prime factors of u(6).
73
Let y = 191 - 118. Let z = y - -33. List the prime factors of z.
2, 53
Let i(f) = -f**3 + 15*f**2 - 49*f + 6. Let w be i(10). Let m(t) = t. Let k(r) = -5*r + 16. Let v(l) = -k(l) - 2*m(l). List the prime factors of v(w).
2
Let i = 1923 + -1327. What are the prime factors of i?
2, 149
Let n = -352 - -1135. What are the prime factors of n?
3, 29
Let h = -417 - -1056. List the prime factors of h.
3, 71
Let c(s) = s**2 + 11*s - 3. Let t = -23 - -49. Let a = t - 40. List the prime factors of c(a).
3, 13
Let y = 931 + -703. What are the prime factors of y?
2, 3, 19
Let k(d) = -d**3 - 4*d + 1426. What are the prime factors of k(0)?
2, 23, 31
Let b(p) = 2*p**2 + 8*p - 5. Suppose 4*w - 4 = 4. Suppose -18 = o + w*o. What are the prime factors of b(o)?
19
Suppose 0 = 58*p - 54*p - 2628. What are the prime factors of p?
3, 73
Suppose -16 = -13*q + 36. Suppose -3*x - 3 = -c + 5, q*c = -5*x + 32. List the prime factors of c.
2
List the prime factors of (-6 - 496/(-56))/((-8)/(-1484)).
2, 5, 53
Let i(s) = s**3 - 5*s**2 - 3*s + 6. Let a be -12*(2 - (-28)/(-12)). Let b be i(a). What are the prime factors of (10/20)/((-1)/b)?
11
Suppose 2*t + x - 3501 = 0, -3*x + 1729 = -4*t + 8746. What are the prime factors of t?
2, 3, 73
Let k(n) = -n + 2. Let x be k(4). Let g be 16/56 + x/7. Suppose -3*f - l + 14 = g, -f + 6 = -l - 0*l. List the prime factors of f.
5
Let d(b) = 2*b**3 - 3*b**2 - 8*b - 5. What are the prime factors of d(6)?
271
Let j = 4460 - 2592. What are the prime factors of j?
2, 467
Let r(f) = 135*f**2 + 11*f - 5. What are the prime factors of r(2)?
557
Suppose -v + 351 + 647 = 4*r, 0 = v - 5*r - 1016. List the prime factors of v.
2, 503
Let w(b) = -367*b - 5. List the prime factors of w(-1).
2, 181
Let x be (0 + 1)*(10 - 8). Suppose -d = b, -x*d + 6*b = b - 28. List the prime factors of d.
2
Suppose 11155 + 12125 = 80*i. What are the prime factors of i?
3, 97
Let a(x) = -x**3 - 14*x**2 - 14*x - 2. Let k(c) = -14*c + 9. Let b(p) = -7*p + 5. Let v(j) = -7*b(j) + 4*k(j). Let w be v(2). List the prime factors of a(w).
11
Let w be 1*-2 + (-2 - -1). What are the prime factors of (w + 45/10)*30?
3, 5
Let v(l) = -l + 22. Let b be v(17). Suppose g - b*m - 43 = 0, m = 4*g - m - 244. List the prime factors of g.
3, 7
Suppose 0 = -2*i - 3*f + 2*f + 1, -4*i = 3*f - 7. Let l = 3 - i. Suppose 30 - l = s. List the prime factors of s.
5
Suppose -4*b + 547 = -3*i - 662, 3*b + 3*i = 912. List the prime factors of b.
3, 101
Let r(z) = -z**2 - 9*z + 14. Let p be r(-10). Let f(w) = -3*w + 9. Let j be f(p). List the prime factors of (4/1 + j)*34.
2, 17
Let g(k) = 9*k**2 + 5*k + 5. Let a be -4 - (-2 + (-4)/(-4)). What are the prime factors of g(a)?
71
Let d(l) = -53*l**3 + 2*l**2 + 3*l + 2. Let q(b) = b**2 + 3*b - 1. Suppose 2*a - 4 = 4*s, -4*a - 12 - 4 = 0. Let v be q(s). List the prime factors of d(v).
2, 3
Let u be 187/55 + (-2)/5. Suppose u*q - 105 = -12. What are the prime factors of q?
31
Let w = -1514 - -2391. What are the prime factors of w?
877
Let l be (-4 - 0) + 0 + 3 - 69. Let n = l + 203. What are the prime factors of n?
7, 19
Let w(r) = -r + 32. Let i be w(-21). Suppose -5*q = 6*z - 2*z - 127, -2*z + q = -i. List the prime factors of z.
2, 7
Let n(q) = -q**3 - 7*q**2 - 5*q + 8. Let r be n(-6). Let s(g) = 105*g - 4. What are the prime factors of s(r)?
2, 103
What are the prime factors of 252 - (2 + -7 + 10/2)?
2, 3, 7
Let l = 19 - 13. List the prime factors of 75/(3 - (l + -4)).
3, 5
Suppose 0 = 15*k - 1318 - 647. What are the prime factors of k?
131
Suppose -p - 10 = -3*g, -p = -4*g - 0*p + 12. Suppose -746 = 2*q - 6*q + g*u, -2*q - 3*u + 393 = 0. What are the prime factors of q?
3, 7
Suppose -4*h - 180 = 8*h. List the prime factors of 2/h + (-482)/(-15).
2
List the prime factors of 1002/(-4)*8/(-6).
2, 167
List the prime factors of ((2 - -1) + 4133)/2.
2, 11, 47
Let a(q) = 2*q**3 + 2*q**2 - 2*q - 10. Let d(f) = -f**2 + f - 1. Let z(p) = -a(p) + 3*d(p). List the prime factors of z(-4).
5, 7
Let t(m) = -3 + 3 - 2*m - 5 + 1. Let n be t(-3). What are the prime factors of n/8 - (-78)/8?
2, 5
Let g(o) = -o**2 - 23*o + 113. List the prime factors of g(-22).
3, 5
Let d(o) = o**3 + 5*o**2 + 4*o - 2. Let p be d(-4). What are the prime factors of 3 + -4 - (p + 2 + -31)?
2, 3, 5
List the prime factors of (-11586)/(-78) - (-138)/299.
149
Let t be 24/(-6)*10/(2 - 0). Let s = 29 - t. What are the prime factors of s?
7
Let m = 476 - 265. List the prime factors of m.
211
Let d(y) = -19*y**2 - 6*y + 6. Let r(j) = 20*j**2 + 5*j - 5. Let f(c) = 4*d(c) + 5*r(c). Let b be 25/10*8/20. What are the prime factors of f(b)?
2, 3
List the prime factors of 325/100*(-8)/(-2).
13
Let l be -4 + 1/(1/15). Let k be (l/(-11))/((-2)/4). Suppose 8*n - 156 = k*n. What are the prime factors of n?
2, 13
Let c(a) be the first derivative of 0*a - 6 + 2/3*a**3 - 1/4*a**4 + 2*a**2. What are the prime factors of c(3)?
3
Let p(o) = o**2 + 14*o + 2. Let y be p(-21). Let g = y - 6. List the prime factors of g.
11, 13
Let s(p) = -p - 18. Let z be s(-14). What are the prime factors